 -4*g + 21*y - 26*y + 4574 = 0, 3*y = 4*g - 4526. Calculate the highest common divisor of 32 and g.
16
Suppose 5*t - 263*w - 135 = -268*w, 3*t - w - 85 = 0. Let j be 618/11 - 10/55. Calculate the greatest common factor of t and j.
28
Suppose 3*j = -17*r + 20*r - 252, 4*j = -2*r + 174. Calculate the greatest common factor of r and 145.
5
Let n(x) = -x**2 + 25. Let s be n(9). Let c be 96/s*(-7)/(-2). Let t be (-116)/c*66/4. Calculate the highest common divisor of t and 29.
29
Let h be (-4)/(-18) + (-2)/9. Suppose -5*y + 187 + 143 = h. Let f = 1222 + -1200. What is the greatest common factor of y and f?
22
Let g = 212 - 207. Let o be 25/g + -2 - 51/(-1). What is the highest common divisor of 162 and o?
54
Let p be 4/10*(-15)/(-9)*378. Calculate the highest common factor of p and 1876.
28
Let m be (60/((-8)/4))/(73 + -75). What is the highest common divisor of 35985 and m?
15
Let y = 2758 - 958. What is the highest common divisor of 240 and y?
120
Suppose -6*b + 2*b + 2*n + 610 = 0, b + 5*n - 169 = 0. Let y be 3675/(-980)*56/(-5). What is the highest common divisor of y and b?
14
Suppose -5*d = 4*i + 53 + 25, 3*i + 49 = d. Let w = i + 51. Let p(h) = 16*h**2 + 3*h + 4. Let j be p(4). Calculate the highest common factor of w and j.
34
Suppose -16*h + 107 = -2031 - 4102. Calculate the greatest common factor of 20 and h.
10
Let z(o) = o**2 + 36*o + 621. Let y be z(-16). What is the highest common divisor of 56 and y?
7
Suppose m - 100 = -9*m. Suppose 0*r = -5*r + m. Suppose -r*u + 2 = y + 3, y + 7 = u. What is the highest common factor of u and 22?
2
Let n(u) be the second derivative of -u**4/6 - u**3/6 + 11*u**2/2 - 52*u. Let k be n(0). Calculate the greatest common factor of k and 55.
11
Suppose 5*i + 2488 = 4*b + i, -4*b + i + 2479 = 0. Suppose 144 = -5*u + b. Suppose s - 65 = u. Calculate the highest common factor of 64 and s.
32
Let n = -330 - -499. Let l = 283 + -281. Suppose 3*x = 3, 0 = l*a + 4*x - 18 - 12. Calculate the highest common divisor of n and a.
13
Suppose 0 = -27*m + 95 + 256. Let f = m - -47. Calculate the greatest common divisor of f and 12.
12
Let g(i) = -i**2 - 4*i - 7. Let l be g(-3). Let h be -2*(-4)/(l/(-11)). What is the highest common factor of 33 and h?
11
Let o(b) = 6*b**2 + 668*b - 1050. Let c be o(-126). Calculate the greatest common factor of c and 42.
42
Suppose -22 + 1 = 7*i. Let x be (-183)/i - (-6)/9*-3. Let v = x - 50. Calculate the highest common divisor of 99 and v.
9
Let c(s) = 205*s**2 + 14*s - 23. Let w be c(2). Calculate the greatest common factor of w and 1485.
165
Suppose 74*y - 212 = 78*y. Let j be (0 + 239)*1 + y + 52. What is the highest common divisor of j and 14?
14
Let v = -5105 + 5170. Suppose 5*g - 45 = -3*b, -26 - 3 = -2*b - 3*g. What is the greatest common divisor of b and v?
5
Suppose -73 = -3*j - 3*w - 64, 0 = 5*w. Calculate the highest common factor of 449 and j.
1
Suppose -33*r + 687 + 613 = -23*r. What is the greatest common factor of 182 and r?
26
Suppose -3*j = 84 - 252. Let v be ((-60)/225)/((-15)/1575). What is the highest common factor of j and v?
28
Suppose 0 = -27*v + 33 + 21. Suppose 17 + 0 = 4*y - r, -y + v*r - 1 = 0. Let g = 94 + -59. Calculate the greatest common divisor of g and y.
5
Let w = -53 + 214. Let x be ((-14)/(-3))/(-7 + w/21). Let f be -10*(x - -2)*(-6)/15. Calculate the greatest common divisor of 4 and f.
4
Let i be (-82)/22 - 27/99. Suppose l = -l - 40. Let j = i - l. Calculate the greatest common factor of 80 and j.
16
Let w(f) = 9*f**2 - 80*f - 430. Let m be w(-6). What is the greatest common factor of m and 646?
34
Let q be (-237)/30*-18 + (-172)/(-215). What is the highest common factor of q and 91?
13
Let b(f) = -301*f + 10884. Let y be b(36). What is the highest common divisor of 6924 and y?
12
Let v(i) be the third derivative of i**5/60 - 17*i**4/24 + 31*i**3/6 + 80*i**2. Let o be v(15). Calculate the greatest common divisor of 17 and o.
1
Suppose -3*r = 13*r - 7989 - 52523. Calculate the greatest common factor of r and 124.
62
Let b(i) = 50*i - 553. Let m be b(12). What is the greatest common factor of m and 141?
47
Let i be (-4)/((-56)/77)*(65 - (3 - 4)). What is the greatest common factor of 627 and i?
33
Suppose 5*s = 9*r - 10*r + 1433, 2*s + 5*r = 564. Let v = s + -274. Calculate the greatest common divisor of v and 104.
13
Let l(s) = 266*s - 3652. Let b be l(14). What is the greatest common factor of b and 10440?
72
Let n(f) be the third derivative of 19*f**4/24 + 97*f**3/3 + 6*f**2 - 4*f. Let a be n(-9). Calculate the highest common factor of a and 2.
1
Let q(u) = -2*u**2 - 19*u - 39. Let x be q(-3). Let h be x - (-32)/8 - (-3 - 0). Calculate the greatest common divisor of 14 and h.
7
Let g(d) = d**2 + 8*d + 8. Let w be g(-6). Let q(i) = 2*i**2 + 8*i + 4. Let t be q(w). Suppose -t*n - 49 = -11*n. What is the greatest common factor of 7 and n?
7
Let v be ((-1)/1 + 2)*66. Suppose 0 = 3*u + 100*k - 98*k - 260, 2*k + 4 = 0. What is the highest common factor of u and v?
22
Let b(n) = n**2 + 23*n - 44. Let v = -43 + 14. Let s be b(v). Calculate the highest common divisor of 78 and s.
26
Let y be ((-615)/12)/((-190)/9424). Calculate the highest common divisor of y and 164.
82
Let k be (-1 - -4) + 15/5 + 323. Let n = k + 205. What is the highest common factor of n and 89?
89
Let u be ((-70)/(-25)*50/385)/((-4)/(-198)). Suppose -2*r + 187 = -659. What is the greatest common factor of r and u?
9
Let y be 2/(2*(-7)/(-98)) - (15 + -7). Let f be (0/3 - 0) + -2. Let h be (f - -1)/(2/(-48)). Calculate the highest common factor of y and h.
6
Let w be (-1*4)/(14/56). Let n be (-516)/16 - 4/w. Let q be (-4)/(-8)*n/(-1). What is the highest common divisor of 176 and q?
16
Suppose 254 = -2*v + 4*y, 3*v + 0*y + 402 = -y. Let m = v - -271. Let i be 5*-1 - (6 - 8 - 9). Calculate the greatest common divisor of i and m.
6
Suppose 3*f - 160 = 14*t - 13*t, -3*t = 2*f - 125. Suppose 2*q - 232 = 3*g + g, 2*q = 2*g + 116. Let o = -14 - g. What is the greatest common factor of f and o?
11
Let n be 27 + (9 - (-152)/(-8)). Suppose 0 = 2*l + 6 - 244. Calculate the greatest common factor of n and l.
17
Let r = -4019 - -4022. What is the highest common factor of r and 29?
1
Let c be (28/56)/(4/25872). Calculate the greatest common factor of c and 14.
14
Let w = -26 + 21. Let h = w - -11. Let m = -502 + 508. Calculate the highest common factor of m and h.
6
Suppose 4*a = 6*a. Let p be 0 - (a + -6) - -44. What is the greatest common divisor of 75 and p?
25
Let y(z) = 18*z**3 + 6*z - 24*z**3 + 3*z + 4*z**2 + 5*z**3 - 18. Let x be y(5). Suppose c = x*c - 56. Calculate the greatest common factor of 7 and c.
7
Let d be -5 - 2 - (79290/(-270) - (-4)/6). Calculate the greatest common factor of 3302 and d.
26
Let c(r) = -2652*r + 972. Let a be c(-3). Calculate the highest common factor of a and 24.
24
Let r = -54 + 128. Let w = -259518 + 259592. What is the highest common factor of r and w?
74
Let t = -214 + 331. Let n = -22 + t. Calculate the highest common divisor of n and 19.
19
Suppose -4*a - 5*k + 4141 = 0, -a + 2*k + 938 = -94. Calculate the greatest common divisor of 44 and a.
22
Let p(q) = 11*q - 11. Let u be (-18)/(-15)*(3 - (-12)/(-9)). Let o be p(u). Calculate the greatest common divisor of o and 968.
11
Let m be ((-144)/120)/(9/30)*(-1 - 1). Suppose f + 3*f - 1184 = 0. Calculate the highest common divisor of m and f.
8
Suppose 0 = 9*j - 19*j + 300. Suppose -4*h - 2*y = -88 + 20, 2*h = -3*y + j. Let m be -396*(1 + (-12)/8). Calculate the highest common factor of h and m.
18
Let u = 47 - -28. Suppose -15*v + 105 = -u. Calculate the greatest common factor of 8 and v.
4
Suppose -3*h = -15 + 3. Suppose -h = -2*y + 2. Let v be (2 - -26) + -6 + 2. Calculate the greatest common divisor of v and y.
3
Let i(x) = 5*x**2 + 62*x + 27. Let q be i(-12). Suppose 0 = -6*j + q*j - 6, 0 = 5*u - j - 17. What is the greatest common divisor of u and 3?
3
Let m = -15 - -39. Suppose -41*f + 521 = 448 - 1157. Calculate the greatest common divisor of f and m.
6
Let q be (4/(-3))/((-32)/48) - (2 - 16). What is the highest common divisor of q and 8688?
16
Let x = -168 - -2125. What is the highest common factor of x and 515?
103
Let t be 28/(12/5 + -2). Let b(h) = 9*h + 190. Let l be b(0). Suppose 6*a + 22 - l